on factor of 3 and r?
3
Let b = 366 - 364. Suppose 20*i = 18*i - b*l + 292, l - 3 = 0. What is the greatest common factor of i and 88?
11
Let u = -53 + 350. Suppose -m = -5 - 89. Let l = -67 + m. Calculate the highest common divisor of u and l.
27
Suppose -2*x + 192 = 6*x. Let s be 6/x*(-3 - -11). Suppose 4*n - 540 = -5*v - n, -228 = -2*v + s*n. What is the highest common divisor of v and 74?
37
Suppose 0 = 2*o - 0*o + v - 58, 3*o - 5*v = 87. Let m(k) = 2*k**2 + 551. Let d be m(0). Calculate the highest common divisor of d and o.
29
Let v(w) = -w**2 + 15*w - 7. Let g be v(9). Let k(y) = 125*y**2 - 12*y - 7. Let z be k(-2). What is the greatest common divisor of z and g?
47
Let i be (-1)/(-2) + 213/6. Suppose 9*u + 33*u - 1053 = 3*u. Calculate the greatest common factor of u and i.
9
Suppose -24*z + 20*z = 932. Let m = 437 + z. Suppose -8*d + 14*d = m. What is the highest common factor of d and 85?
17
Suppose -1017*r = 367*r + 1485*r - 8814 - 2662. Let n(s) = -32*s. Let z be n(-4). Calculate the highest common factor of z and r.
4
Suppose 0 = -58*i - 34*i - 272*i + 250432. What is the highest common factor of i and 16?
16
Let n = -8 - -24. Suppose 4*b = -4*t - 432, 0*t = -t - 1. Let g = 131 + b. What is the highest common divisor of n and g?
8
Let y = -159 - -222. Let c = 1 + -5. Let g be c/6*3 + 6 + 3. What is the greatest common divisor of y and g?
7
Let g = 85 - 87. Let c be (g - (-102)/12) + 2/(-4). Let v(j) = j**3 - 4*j**2 + 2*j + 4. Let i be v(c). What is the highest common divisor of i and 11?
11
Suppose -c = 3*a - 1019 + 94, 2*a - 612 = 4*c. Let k = 332 - a. What is the greatest common divisor of k and 468?
12
Let r(u) = u**3 - 86*u**2 - 77*u - 855. Let d be r(87). What is the highest common divisor of d and 160?
5
Let x be (-106)/53 + 44*2 + 4. Calculate the highest common divisor of 882 and x.
18
Let h = 676 + -685. Let t be ((-16)/12 + -2)*h. Let w be (-6)/4*(-22 - -2). What is the highest common divisor of t and w?
30
Let q(p) = 818*p - 1719. Let y be q(8). Calculate the highest common factor of 386 and y.
193
Suppose 1150 = 11*j - 1 - 939. What is the greatest common divisor of j and 285?
95
Suppose -4*x + 6 = -2*u - 12, 4*x = -3*u + 3. Suppose 0 = 4*r - 2*i - 748, x*i - 191 = -r + 10. What is the highest common factor of 108 and r?
27
Suppose -5*g - 95 = -r + 95, -r + 2*g = -193. Suppose 5*w + 180 = 5*u, -20*w + 3 = -19*w. Calculate the highest common factor of r and u.
39
Let d(f) = 26*f + 324. Let l be d(-12). Let p(s) = 3*s. Let r be p(l). What is the highest common divisor of r and 204?
12
Let n be (-69598)/(-272) + 3/24. Calculate the highest common factor of n and 4.
4
Let i be (-1)/(-2) + 3574/8*(-14)/(-7). Calculate the greatest common factor of i and 48.
6
Suppose 3*v - 27 = 12. Let b = 26 - v. Let c be ((-13)/(-2))/(-13) + 705/6. What is the greatest common factor of c and b?
13
Let s(l) = -4*l - 45. Let y be s(-12). Suppose -12 = -y*u - 6. Suppose 13 + 8 = u*w - a, -5*w + 5*a = -45. Calculate the highest common factor of w and 48.
12
Let a(r) be the second derivative of -19*r**3/6 - 4*r**2 - 5*r. Let g be a(-2). Calculate the greatest common divisor of g and 210.
30
Suppose -27 = -5*m - 4*m. Suppose -2*q = 4*x - 36, 5*q = m*x + 2*x - 60. What is the highest common factor of 110 and x?
10
Let k = -12284 + 12500. What is the greatest common divisor of 1971 and k?
27
Let i(o) = 2*o - 58. Let u be i(15). Let g be (-372)/u + 4/(-14). Calculate the greatest common divisor of g and 117.
13
Let g(q) = q**2 + 7. Let h be 4/(-16)*0*-1. Let u be g(h). Suppose u = 3*n - 2. What is the greatest common factor of n and 6?
3
Suppose 0*m + 2*m - 3*d = -4, m + 2*d + 9 = 0. Let p = 138 + m. Calculate the highest common divisor of p and 14.
7
Let p(c) = -c**2 - 35*c - 169. Let g be p(-6). Suppose -5*u = -5*b - 1364 + 3999, u = g. Calculate the highest common factor of b and 56.
28
Let m(k) = -4*k**2 + 122*k - 847. Let c be m(14). What is the highest common factor of 315 and c?
7
Let s be -4 - -3 - 2 - 30/(-5). Suppose 9*t - s*x + 177 = 10*t, t = 4*x + 156. What is the greatest common factor of t and 32?
8
Let w = 463 - 431. Let z be (-1 - 47)*(-48)/9. Calculate the highest common divisor of z and w.
32
Let q be (-18 - 4)*(-51)/(-6). Let c = q - -82. Let l be 2 + (c/5)/(-3). What is the highest common divisor of l and 1?
1
Let h(p) = -p**3 - 8*p**2 - 16. Let g be 2/(-4)*(48 - 30). Let q be h(g). Let w be 10/25 - (-126)/10. What is the greatest common divisor of q and w?
13
Let d(t) = -7*t**2 + 304*t + 186. Let l be d(44). What is the highest common factor of 3200 and l?
10
Suppose -22737 = 6*r - 17*r. What is the highest common factor of r and 636?
159
Let h(k) = -3*k**3 - 32*k - 155. Let q be h(-5). What is the greatest common factor of 1220 and q?
20
Let n(f) = -356*f + 4225. Let r be n(0). Calculate the highest common divisor of r and 130.
65
Suppose -5 = -d - 4*n - 13, -5*d + 65 = -n. Let z = 1252 - -124. Let x = -1280 + z. Calculate the greatest common divisor of x and d.
12
Let w(r) = r**2 - 45*r + 461. Let f be w(41). What is the highest common factor of 108 and f?
27
Suppose -3*m = -2*y + 32, 83 = 5*y - m + 3. Let c be ((-8)/6)/(5/(-180)). Calculate the highest common divisor of c and y.
16
Let w be ((-8)/(1 + 1) - (-194 + 21))*7. What is the greatest common factor of w and 52?
13
Suppose z - 65 = 2*s, 5*s = 8*s - 6. Let q be (z/(-2))/(6/8). Let c = 126 + q. What is the greatest common divisor of c and 16?
16
Suppose 19*q = -n + 21*q + 486, -5*n = -4*q - 2460. What is the highest common factor of 620 and n?
124
Let t be (-44)/(-6)*(-648)/(-3). Suppose -3*d = 9*d - t. Let l be 12*-1*(1 - 2). Calculate the greatest common divisor of d and l.
12
Suppose -53*o + 2539503 - 28575 = 0. Suppose 53*p - o = 5*p. Calculate the highest common divisor of 7 and p.
7
Let m be ((-180)/(-21))/(-27*(-22)/4158). Let z(v) = 9*v + 2. Let u = -4 + 6. Let f be z(u). What is the greatest common divisor of m and f?
20
Let o be (-876770)/(-7310) - 1/(-17). Let p be (-2)/(-6) + 479/3. Calculate the greatest common factor of p and o.
40
Suppose k - 3*h - 66 = 0, 3*k - 5*h = 133 + 81. What is the highest common divisor of k and 195?
39
Let w be 28/98 - (-8306)/(-14). Let p = -565 - w. What is the greatest common factor of p and 476?
28
Let a(w) = -78*w**3 - 3*w**2 + 34*w + 34. Let q be a(-1). Calculate the greatest common divisor of q and 2375.
25
Let g = -52 - -59. Suppose -3*v + g = 4*v. Let u be (-3)/v - (-165)/3. What is the greatest common divisor of u and 13?
13
Let h be (-1)/(-2)*(2 - -94). Suppose -5*u + 105 = -5*v + 2480, 481 = v + 5*u. Let w be v/30 - (-22)/165. Calculate the greatest common factor of w and h.
16
Let b be (-61391)/(-66) + -9 + 65/78. What is the highest common factor of 6 and b?
2
Suppose 38*z - 1184 - 7491 = 3029. Calculate the highest common divisor of z and 28.
28
Suppose -110 = -3*p + 5*k, 3*p + 5*k - 92 + 22 = 0. Calculate the greatest common divisor of p and 10310.
10
Let q(n) = -33*n - 1948. Let r be q(-61). Calculate the greatest common divisor of 110 and r.
5
Let h = -93 + 177. Let y be (11 - 2)*h/18. What is the highest common factor of 63 and y?
21
Suppose 5*o = 41 + 59. Let u(w) = w + 15. Let f be (-76)/14 + (-27)/(-63). Let b be u(f). Calculate the greatest common divisor of o and b.
10
Let z(k) = -k**3 - 21*k**2 - 55*k - 36. Let t be z(-18). Let c be 1 - -4*t/(-24). Let r = 25 + -5. What is the highest common factor of c and r?
4
Suppose -4371 = -4*v - 5*a, 4*v - 7*v + 3317 = -4*a. What is the greatest common divisor of 77 and v?
7
Let f(a) = -a**3 + 2*a**2 + 27*a - 43. Let y be f(5). Let h(z) = 15*z - 13. Let g be h(2). Calculate the highest common divisor of g and y.
17
Let k be (-81)/(-9) + (-6 - 2) - -835. What is the greatest common factor of 304 and k?
76
Suppose -l = -11*l + 7*l. Suppose -2 = 2*x - 8, l = -b + 2*x + 274. Calculate the greatest common divisor of 35 and b.
35
Let j(r) = 2*r**2 - 2*r + 42. Let i(d) = 8*d + 102. Let s be i(-11). Let q be j(s). Calculate the greatest common factor of 14 and q.
14
Suppose -96*o + 266766 = -31218. Calculate the highest common factor of o and 12.
4
Let p be (1*21)/((-63)/14 - -6). Let c be p/4*12/21. Let n be (5 + (0 - c) - -153) + -2. What is the greatest common div